38186?
False
Does 15 divide 3345?
True
Is 1138284 a multiple of 4?
True
Does 30 divide 11841120?
True
Does 12 divide 1869344?
False
Does 16 divide 2827920?
True
Does 70 divide 1970360?
True
Does 36 divide 2712136?
False
Does 185 divide 919847?
False
Does 17 divide 2233402?
False
Is 16 a factor of 5133680?
True
Does 183 divide 64416?
True
Is 18 a factor of 838998?
True
Is 261 a factor of 107793?
True
Does 69 divide 7765673?
False
Is 331972 a multiple of 257?
False
Is 12 a factor of 179034?
False
Is 489118 a multiple of 31?
True
Is 8 a factor of 243416?
True
Does 11 divide 527112?
False
Is 176880 a multiple of 201?
True
Is 6595408 a multiple of 123?
False
Is 42 a factor of 636697?
False
Does 164 divide 22960?
True
Does 90 divide 1264950?
True
Is 1053030 a multiple of 30?
True
Is 348 a factor of 172260?
True
Is 127 a factor of 3771265?
True
Is 109 a factor of 1886618?
False
Does 147 divide 38220?
True
Is 833437 a multiple of 225?
False
Is 16 a factor of 6114490?
False
Is 89567 a multiple of 266?
False
Is 15563625 a multiple of 2084?
False
Is 504284 a multiple of 10?
False
Does 66 divide 47231?
False
Is 122 a factor of 768234?
True
Is 153290 a multiple of 15?
False
Is 3094468 a multiple of 13?
True
Is 2 a factor of 6236?
True
Is 119570 a multiple of 11?
True
Is 30958380 a multiple of 1758?
True
Is 186 a factor of 311560?
False
Is 111951 a multiple of 2?
False
Is 8 a factor of 208232?
True
Is 4572701 a multiple of 48?
False
Does 6 divide 144000?
True
Does 66 divide 410586?
True
Is 67 a factor of 688344?
False
Is 64 a factor of 3334272?
True
Is 1563214 a multiple of 5?
False
Is 79302 a multiple of 93?
False
Is 26960 a multiple of 20?
True
Is 54 a factor of 509882?
False
Is 41 a factor of 84373?
False
Does 107 divide 241157?
False
Is 15 a factor of 9692?
False
Is 972205 a multiple of 191?
False
Does 930 divide 101370?
True
Does 72 divide 29347?
False
Is 28 a factor of 813114?
False
Is 125576 a multiple of 88?
True
Is 23 a factor of 80624?
False
Is 1884195 a multiple of 329?
False
Does 116 divide 54984?
True
Is 5254224 a multiple of 548?
True
Is 118351 a multiple of 5?
False
Is 14 a factor of 21334936?
True
Is 740229 a multiple of 101?
True
Does 45 divide 7696418?
False
Is 3 a factor of 1245?
True
Is 9 a factor of 31512?
False
Is 312364 a multiple of 13?
True
Does 38 divide 442780?
False
Is 305 a factor of 3861752?
False
Is 25 a factor of 9988900?
True
Is 237140 a multiple of 142?
True
Is 472 a factor of 280840?
True
Is 6 a factor of 5142?
True
Does 1297 divide 8543670?
False
Does 11 divide 5259265?
True
Is 31 a factor of 52520?
False
Does 408 divide 1011024?
True
Does 30 divide 226264?
False
Is 34603 a multiple of 7?
False
Is 67 a factor of 617271?
True
Is 82257 a multiple of 21?
True
Does 50 divide 1005700?
True
Is 165251 a multiple of 34?
False
Is 5 a factor of 158080?
True
Is 2205985 a multiple of 5?
True
Is 686237 a multiple of 43?
True
Does 159 divide 876726?
True
Is 9 a factor of 669969?
True
Does 24 divide 1257888?
True
Is 1138632 a multiple of 9?
False
Is 1853780 a multiple of 749?
False
Is 31 a factor of 10022672?
True
Does 32 divide 4416?
True
Is 29 a factor of 1579427?
True
Does 146 divide 209459?
False
Does 4 divide 25065?
False
Is 48 a factor of 16949?
False
Is 307 a factor of 53418?
True
Is 1414089 a multiple of 53?
False
Is 41 a factor of 69700?
True
Is 791891 a multiple of 26?
False
Does 834 divide 2637551?
False
Is 6 a factor of 15172?
False
Is 91 a factor of 1708161?
True
Does 59 divide 6018?
True
Is 144 a factor of 474086?
False
Does 540 divide 3115800?
True
Is 16 a factor of 1056945?
False
Does 6 divide 4902896?
False
Is 54 a factor of 1184896?
False
Does 296 divide 598470?
False
Is 30960 a multiple of 12?
True
Is 24 a factor of 688680?
True
Is 20 a factor of 27827620?
True
Is 14 a factor of 787640?
True
Is 7485100 a multiple of 70?
True
Is 197 a factor of 229857?
False
Does 433 divide 152416?
True
Does 23 divide 17777275?
True
Is 9827312 a multiple of 11?
True
Does 6 divide 2811402?
True
Is 13 a factor of 316654?
True
Is 13 a factor of 495823?
False
Is 9633655 a multiple of 11?
False
Is 383486 a multiple of 206?
False
Does 6 divide 159162?
True
Is 8 a factor of 3952?
True
Is 56 a factor of 260721?
False
Does 13 divide 16982165?
False
Is 44 a factor of 175375?
False
Is 5 a factor of 2732773?
False
Does 161 divide 629188?
True
Does 4 divide 181344?
True
Is 9919 a multiple of 13?
True
Is 121140 a multiple of 60?
True
Is 20 a factor of 50580?
True
Is 15 a factor of 18369?
False
Is 246905 a multiple of 115?
True
Is 4509264 a multiple of 270?
False
Does 44 divide 33218?
False
Does 104 divide 254280?
True
Is 71 a factor of 75080?
False
Is 925768 a multiple of 194?
True
Is 998753 a multiple of 427?
True
Does 279 divide 6282522?
True
Is 226 a factor of 795294?
True
Is 131 a factor of 1137866?
True
Does 14 divide 1916650?
False
Is 82 a factor of 14806986?
True
Does 109 divide 70782?
False
Is 111561 a multiple of 3?
True
Is 166819 a multiple of 5?
False
Is 14 a factor of 55328?
True
Does 6 divide 3596173?
False
Does 68 divide 167129?
False
Is 8295997 a multiple of 1488?
False
Is 963330 a multiple of 20?
False
Does 7 divide 3521?
True
Is 29 a factor of 128901?
False
Is 251923 a multiple of 194?
False
Is 486450 a multiple of 207?
True
Does 209 divide 1436562?
False
Is 5 a factor of 205500?
True
Is 1079 a factor of 2486016?
True
Is 15 a factor of 69644?
False
Is 284 a factor of 648940?
True
Does 32 divide 61600?
True
Is 5162764 a multiple of 68?
True
Is 523849 a multiple of 349?
True
Does 17 divide 58089?
True
Is 293546 a multiple of 115?
False
Is 20 a factor of 20380?
True
Does 55 divide 3544168?
False
Does 155 divide 220288?
False
Is 31 a factor of 53351?
True
Does 32 divide 36640?
True
Is 25785 a multiple of 9?
True
Does 4 divide 55580?
True
Is 3575079 a multiple of 930?
False
Does 63 divide 89343?
False
Is 33 a factor of 2235?
False
Does 535 divide 7114965?
True
Is 1340670 a multiple of 2010?
True
Is 4270820 a multiple of 19?
True
Is 12 a factor of 17926?
False
Is 594149 a multiple of 354?
False
Is 266449 a multiple of 44?
False
Is 11 a factor of 14839742?
False
Does 25 divide 1285461?
False
Is 15 a factor of 117810?
True
Does 18 divide 18544?
False
Is 60 a factor of 276156?
False
Is 13 a factor of 1100138?
True
Is 477 a factor of 11999469?
False
Is 65 a factor of 2689407?
False
Is 20 a factor of 10142490?
False
Is 318645 a multiple of 485?
True
Does 339 divide 93297?
False
Is 18 a factor of 132788?
False
Is 864332 a multiple of 40?
False
Is 2908856 a multiple of 46?
True
Is 22 a factor of 634513?
False
Is 518 a factor of 943614?
False
Is 80152 a multiple of 4?
True
Does 72 divide 161352?
True
Is 12 a factor of 56691?
False
Does 196 divide 4365164?
False
Does 3 divide 531887?
False
Is 592187 a multiple of 97?
False
Is 80191 a multiple of 84?
False
Is 980630 a multiple of 10?
True
Does 621 divide 654450?
False
Does 27 divide 558765?
True
Is 1963 a factor of 6525012?
True
Is 857456 a multiple of 43?
False
Does 25 divide 163900?
True
Does 216 divide 28296?
True
Does 401 divide 20050?
True
Is 103625 a multiple of 5?
True
Does 12 divide 224511?
False
Does 12 divide 1156548?
True
Does 19 divide 414308?
False
Is 13 a factor of 22918347?
False
Is 41 a factor of 1013479?
True
Is 3449740 a multiple of 164?
True
Is 1457960 a multiple of 574?
True
Does 34 divide 222614?
False
Is 661391 a multiple of 170?
False
Does 30 divide 418771?
False
Does 2 divide 44374?
True
Does 226 divide 13391404?
True
Is 2412672 a multiple of 192?
True
Is 15 a factor of 306840?
True
Is 401 a factor of 484372?
False
Is 6859776 a multiple of 87?
True
Is 14 a factor of 3003286?
False
Is 834372 a multiple of 92?
False
Is 1448 a factor of 7701912?
True
Is 367752 a multiple of 199?
True
Is 4 a factor of 20188?
True
Is 5 a factor of 1442219?
False
Is 80 a factor of 312080?
True
Does 50 divide 37525?
False
Does 214 divide 1115796?
True
Is 1306 a factor of 16458937?
False
Is 2844706 a multiple of 11?
False
Is 224 a factor of 1630908?
False
Is 1327768 a multiple of 14?
False
Is 36 a factor of 157416?
False
Is 39 a factor of 262353?
True
Does 109 divide 7242505?
True
Is 128036 a multiple of 2?
True
Does 652 divide 956336?
False
Is 20 a factor of 261560?
True
Is 2599415 a multiple 